t of b(-2)?
3
Let a = 1 + 9. Suppose -m - m + a = 0. What is the units digit of m?
5
Suppose -3*j + 0*r + r = -9, -3*r - 9 = 0. What is the units digit of ((-8)/(-12))/(j/9)?
3
Let w be -2 + 4 - (-1 + 6). Let f be (1 + (1 - 2))/w. Suppose g - 4*g + 9 = f. What is the units digit of g?
3
Suppose 0*h - 1290 = -10*h. What is the tens digit of h?
2
Suppose 2*l = -3*l + 10. Suppose l = -3*d + 8. Suppose d*y - 6 = -y. What is the units digit of y?
2
Suppose -8 = -3*a + n, 17 = 3*a + 2*a + 2*n. Let k(w) = 2*w - 6. Let l be k(4). Suppose -l*m + 35 = a*m. What is the units digit of m?
7
Let n = 12 + -13. Let u = n - -4. What is the units digit of u?
3
Let x = -51 + 99. What is the tens digit of x?
4
Suppose -2*r - 36 = 2*f, 4*f + 42 = 2*r - 6. What is the units digit of (-40)/5*f/4?
8
Suppose 7 = -0*s + 3*s + i, 1 = -s + 3*i. Suppose -l = l + 3*p + 12, p = s*l - 4. Suppose 2*u - 4*c = 3*u - 5, -3*c = l. What is the units digit of u?
5
Let t(m) = m + 1. Let y be t(5). What is the units digit of (-6)/(-4) - 3/y?
1
Let k = 363 + -179. What is the tens digit of k?
8
Suppose 0 = -3*k - 3 + 6. Let s = k - -3. What is the units digit of s?
4
Suppose -2*v - 2*q = -38, -4*v = -9*v + q + 89. What is the units digit of 8*3/v*12?
6
What is the tens digit of (-2)/(-3)*(-11)/(66/(-270))?
3
Suppose 2*d - 24 = 4*f - 0*d, 2*f = -2*d - 6. Let c(l) = -l**2 - 6*l + 5. What is the tens digit of c(f)?
1
Let p(z) = 5*z - 3. Let g = 0 + 2. Let t be p(g). Suppose -v - t = -x, 2*x - x = -v + 3. What is the units digit of x?
5
Let j(f) = 4*f + 4. Let x(q) = q + 1. Let v(m) = -j(m) + 3*x(m). Let t be -2 + 0 + -4 - 4. What is the units digit of v(t)?
9
Suppose n - 34 = -n. Let u = n - 14. What is the units digit of u?
3
Suppose 3*k - 14 = -u, -4*k + 2*u + 27 = k. Suppose -k*a - 4*v + 309 = 0, 4*v + 211 = 7*a - 4*a. Suppose -4*o + a = o. What is the tens digit of o?
1
Let n be 1/((2/(-28))/(-1)). Let b be (-4)/n - (-6)/21. Let d = 3 - b. What is the units digit of d?
3
Let m = 18 - 17. What is the units digit of m?
1
Let q(u) = -u**2 - 8*u - 1. Let a be q(-6). Suppose r + 2*o = a, 2*r + 3 - 28 = -3*o. What is the units digit of r?
7
Suppose 18 + 14 = w. What is the units digit of w?
2
Let h(i) = i**2 + 7*i + 8. What is the units digit of h(-9)?
6
Let w(g) = -g**3 + 6*g**2 - 5*g. Let j be (-6)/(-3) + 4 - 1. Suppose -2*c + 1 = -3*c, j*c = -5*b + 15. What is the units digit of w(b)?
2
Suppose 4*t = -4*o + 20, 2*t + 3*o = -5 + 18. What is the units digit of t + (8 - (4 + -2))?
8
Suppose -2*q = -x - 0*x - 16, 3*x = 3*q - 24. What is the units digit of q?
8
Let c(l) be the third derivative of -l**4/24 + 4*l**3/3 + l**2. Let z be c(7). What is the units digit of -2 + 2 + z + 1?
2
Let r = 43 - 16. Suppose -3*k = -4*m - k + 62, -2*m + r = 3*k. What is the units digit of m?
5
Suppose 0 = -5*g - 64 - 11. What is the units digit of (21/15 - 3)*g?
4
Let b(o) = o**3 + 12*o**2 + 9*o - 16. Let s be b(-11). Suppose -s*p - p + 238 = 0. What is the units digit of p?
4
Let h(q) = q - 1. Let a(p) = 3*p + 1. Let b(x) = a(x) - 2*h(x). Let s be b(0). What is the tens digit of (-5)/(-2*s/12)?
1
Let d(r) = -3*r + 2*r + 0 + 3 - 5. What is the units digit of d(-4)?
2
Suppose -3*m + 19 = -14. Let h = 21 - m. What is the tens digit of 134/h - 6/15?
1
Let d(z) = -4*z + 1. Let c(w) = -12 - w**3 - 3*w**2 + 12. Let v be c(-2). What is the units digit of d(v)?
7
Let a = 23 - 20. What is the tens digit of (-14)/a*(-180)/42?
2
Suppose 420 = 5*z - z. Suppose -5*k = -8*k + z. What is the tens digit of k?
3
Let w(y) = y + 5. Let n be w(-3). Suppose 75 = n*r + r - 3*q, 5*r - q = 117. What is the units digit of (-1)/((-3)/(r - -1))?
8
Let y(p) = p**2 - 2*p + 2. Let i be y(5). Let h be 82/(-7) + 6/(-21). Let l = h + i. What is the units digit of l?
5
Let c(y) = 3*y + 25. Let u(k) = -4*k - 37. Let b(w) = -7*c(w) - 5*u(w). Let n = 2 - -4. What is the units digit of b(n)?
4
Let w(v) = 141*v**2 - v. What is the tens digit of w(-1)?
4
What is the tens digit of 126 - (-3 + -4 + 4)?
2
What is the units digit of (-2)/(1/(-406)*4) - -2?
5
Let t = 15 - 3. Let b = 23 - t. Let j = -7 + b. What is the units digit of j?
4
Suppose 4*k = 4*c - 24, c - 5*c + 3*k + 19 = 0. What is the units digit of (-5*c)/((-13)/65)?
5
Let t(z) = -z**3 + 19*z**2 - 16*z - 25. Let q be t(18). Let y = 38 - q. What is the units digit of y?
7
Suppose 0 = -3*a - 6, 0 = 3*k - 4*a - 14. What is the units digit of k?
2
Let z(h) = h - 5. Let i be z(5). What is the units digit of (i + 4)*(-2)/(-4)?
2
Suppose 2*o = -k + 630, 5*o + 5*k - k = 1578. What is the hundreds digit of o?
3
Let k be -1 + 5 + (-48)/2. What is the units digit of (120/(-4))/(15/k)?
0
Let r = 27 + -4. What is the tens digit of r?
2
Suppose 50 = 2*i + 3*i. What is the units digit of i?
0
Let j = 4 - 2. Suppose c - 8 = -j. Let y = -5 + c. What is the units digit of y?
1
Let h = -33 - -54. What is the tens digit of h?
2
Let a(b) = -b**2 + 6*b. What is the units digit of a(4)?
8
Suppose k + 1 = -0, -4*k - 6 = g. Let t be 1*(-1)/g*8. What is the units digit of 54/10 - t/10?
5
Let w(r) = 183*r**2 - r. What is the hundreds digit of w(-1)?
1
Let i be (-4)/3 - (-6)/18. Let f = 8 - i. What is the units digit of f?
9
Let g(o) = 3*o + 12. Let z be g(11). Suppose 0 = -3*c + z + 9. What is the tens digit of c?
1
What is the hundreds digit of (48/(-15))/(-2)*110?
1
Let w be (-2)/(-11) + 804/(-66). Let c be 1 + (w/2)/2. What is the units digit of (2 - c/(-1)) + 11?
1
Let q = 25 - -7. What is the units digit of q?
2
Let i = -3 + 8. Suppose 0 = -i*x - 0*x + 130. What is the units digit of x?
6
Let a(v) = -24*v. What is the units digit of a(-2)?
8
Let g = 0 - 0. Let s(y) = y. Let j be s(g). Let i = 3 - j. What is the units digit of i?
3
Suppose -2*o - 2*o = -132. What is the tens digit of o?
3
Suppose 0 = 3*t - 5*h - 335, 0 = -2*t + 4*h - h + 225. What is the tens digit of t?
2
Suppose 2*u = 3*f + f - 18, 4*u + 16 = 3*f. Suppose 0 = -0*p - p + f. What is the units digit of p?
4
Let a be 15/(-3) - -1*1. Let m(q) = -4*q**2 - 19*q - 6. Let w(v) = -2*v**2 - 10*v - 3. Let n(h) = -4*m(h) + 7*w(h). What is the tens digit of n(a)?
1
What is the units digit of (-101)/(-4) - 36/(-48)?
6
What is the tens digit of (-343)/(-3) + (-1)/3?
1
Suppose -2 = -0*f + f, -5*q = -4*f - 13. What is the units digit of q?
1
What is the units digit of (2 - 15)*(-2)/(-2)*-3?
9
Let w(k) = -k**3. Let b be w(2). Let m = b + 11. What is the units digit of -7*1/(-3)*m?
7
Let l = -27 - -46. Suppose -f + 15 = -l. What is the units digit of f?
4
Let k(o) = -7*o**2 - 4*o + 1. Let t be k(-2). Let m be -1*1/(-1)*-1. What is the units digit of (m + t)/(4/(-2))?
0
Let k(i) = 4*i**3 + i**2 - i. Let l be k(1). Suppose -l*j + 26 = 5*y, 5*j + 7 = 3*y - 16. What is the units digit of y?
6
Suppose 0*f - 31 = -f. What is the units digit of f?
1
Let w be ((-2)/6)/((-2)/24). What is the units digit of 1/w - 594/(-24)?
5
What is the units digit of (-12)/(-48) - 523/(-4)?
1
Suppose -1 = -q, 4*k - 5*q - 1159 = k. What is the hundreds digit of k?
3
Suppose 5*w - 25 = 3*x, -4*x + 0 = 5*w + 10. Suppose 0 = -2*i + w + 2. What is the tens digit of 12 + 1 - (-3 + i)?
1
Let j be (-74)/(-14) - 2/7. Let m(r) = -r**2 + 7*r - 2. What is the units digit of m(j)?
8
Let y be (-148)/(-20) + 4/(-10). Let w = 25 - y. What is the units digit of 50/18 - (-4)/w?
3
Let y be 8 + 0 + (1 - 0). Let k be (-2 + 17)*6/y. Let g = k - 2. What is the units digit of g?
8
Suppose 5*b - 23 = -8, 4*p - 6 = -2*b. Let o(u) = -4 + u**3 + p - 4*u**2 + u - 5*u. What is the units digit of o(5)?
1
Let q(s) = s**2 - 3*s + 7. Let i be q(4). Suppose i*r = 12*r - 28. What is the tens digit of r?
2
Let i = -288 + 475. What is the hundreds digit of i?
1
Suppose -6*z + 483 = -573. What is the tens digit of z?
7
Let n be (2 + -2 - -1)*30. Let r = -1 + 3. Suppose -3*p = r*p - n. What is the units digit of p?
6
Let y = 6 - 12. Let r(u) = u**3 + 7*u**2 + 4*u + 3. What is the tens digit of r(y)?
1
Suppose -8 + 28 = -5*s. Let a = s + 8. What is the units digit of a?
4
Let u(b) = 7*b**2 + b - 1. Let k = 1 - -1. Let o be u(k). Let w = -16 + o. What is the units digit of w?
3
Suppose -3*v + 0*m = m - 10, 0 = m + 2. Let w(h) = h**2 + 4*h + 3. Let s be w(-4). Let p = v - s. What is the units digit of p?
1
Suppose r - 447 = -